{"id":63,"date":"2021-02-09T13:50:37","date_gmt":"2021-02-09T12:50:37","guid":{"rendered":"http:\/\/www.isfnr.org\/isfnrcongress2\/?page_id=63"},"modified":"2021-09-01T20:13:34","modified_gmt":"2021-09-01T18:13:34","slug":"organizers","status":"publish","type":"page","link":"https:\/\/www.isfnr.org\/isfnrcongress\/organizers\/","title":{"rendered":"Organizers"},"content":{"rendered":"\t\t<div data-elementor-type=\"wp-page\" data-elementor-id=\"63\" class=\"elementor elementor-63\" data-elementor-settings=\"[]\">\n\t\t\t\t\t\t<div class=\"elementor-inner\">\n\t\t\t\t\t\t\t<div class=\"elementor-section-wrap\">\n\t\t\t\t\t\t\t<section class=\"elementor-section elementor-top-section elementor-element elementor-element-2a67cf6 elementor-section-boxed elementor-section-height-default elementor-section-height-default\" data-id=\"2a67cf6\" data-element_type=\"section\">\n\t\t\t\t\t\t<div class=\"elementor-container elementor-column-gap-default\">\n\t\t\t\t\t\t\t<div class=\"elementor-row\">\n\t\t\t\t\t<div class=\"elementor-column elementor-col-100 elementor-top-column elementor-element elementor-element-b40c5c7\" data-id=\"b40c5c7\" data-element_type=\"column\">\n\t\t\t<div class=\"elementor-column-wrap elementor-element-populated\">\n\t\t\t\t\t\t\t<div class=\"elementor-widget-wrap\">\n\t\t\t\t\t\t<div class=\"elementor-element elementor-element-57e4188 elementor-widget elementor-widget-text-editor\" data-id=\"57e4188\" data-element_type=\"widget\" data-widget_type=\"text-editor.default\">\n\t\t\t\t<div class=\"elementor-widget-container\">\n\t\t\t\t\t\t\t\t<div class=\"elementor-text-editor elementor-clearfix\">\n\t\t\t\t<p>The <b>18th ISFNR congress Encountering emotions in folk narrative and folklife <\/b>is organized by scholars from the Institute of Ethnology and Folklore Research (<a href=\"https:\/\/www.ief.hr\/en\/home\/\">link<\/a>) and\u00a0 the Faculty of Humanities and Social Sciences University of Zagreb (<a href=\"https:\/\/web2020.ffzg.unizg.hr\/international\/about-fhss\/\">link<\/a>), Croatia.<\/p>\n<p><b>The Institute of Ethnology and Folklore Research<\/b> was founded in 1948 in Zagreb. It is a renowned center for folkloristic, ethnological, ethnomusicological and related scientific research in the Republic of Croatia. The members of the Institute are experts in a variety of disciplines, such as: ethnology, cultural anthropology, folklore studies, literary theory, theatre studies, music studies, choreology, and art history. They are engaged in interdisciplinary and transdisciplinary research into historical and contemporary cultural phenomena and processes contributing to different academic and educational programs, workshops, summer schools, conferences and community programs with their specialization knowledge.<\/p>\n<p><strong>The Chair of Croatian Oral Literature<\/strong> (as a part of the <strong>Department of Croatian Language and Literature<\/strong>) is the oldest centre for researching oral tradition and verbal folklore in Croatia.<br \/>The members of the Chair of Croatian Oral Literature, besides their interdisciplinary research, have instructed students in folklore fieldwork research and these projects resulted in the Archive of Manuscript Collections containing contemporary records of Croatian folklore genres (songs, folktales, proverbs, child-lore and other genres), which makes the Archive the largest collection of contemporary Croatian oral folklore genres. Due to the fact that the students were doing their fieldwork research mostly in their local community, those records are the faithful witness of active and passive repertoire of different communities in Croatia (and many Croatian communities outside of Croatia).<\/p>\n<p><strong>The Department of Ethnology and Cultural Anthropology<\/strong> has a rich archive, with material gathered during field research, in the frame of scientific projects, and as part of teaching activities since the establishment of the Department in the 1920s. It contains valuable materials from the Ethnological Atlas project, as well as diverse archive material on a variety of topics (research records, photographs and video material, students\u2019 seminars and graduation thesis, etc.).<\/p>\n<p>Both Departments are part of the <strong>Faculty of Humanities and Social Sciences University of Zagreb<\/strong>, the oldest university in Croatia and one of the oldest universities in Europe. FFZG is also a significant cultural institution with a great impact on Croatian culture and society.<\/p>\t\t\t\t\t<\/div>\n\t\t\t\t\t\t<\/div>\n\t\t\t\t<\/div>\n\t\t\t\t\t\t<\/div>\n\t\t\t\t\t<\/div>\n\t\t<\/div>\n\t\t\t\t\t\t\t\t<\/div>\n\t\t\t\t\t<\/div>\n\t\t<\/section>\n\t\t\t\t<section class=\"elementor-section elementor-top-section elementor-element elementor-element-5f45f9e5 elementor-section-boxed elementor-section-height-default elementor-section-height-default\" data-id=\"5f45f9e5\" data-element_type=\"section\">\n\t\t\t\t\t\t<div class=\"elementor-container elementor-column-gap-default\">\n\t\t\t\t\t\t\t<div class=\"elementor-row\">\n\t\t\t\t\t<div class=\"elementor-column elementor-col-100 elementor-top-column elementor-element elementor-element-1811db2e\" data-id=\"1811db2e\" data-element_type=\"column\">\n\t\t\t<div class=\"elementor-column-wrap elementor-element-populated\">\n\t\t\t\t\t\t\t<div class=\"elementor-widget-wrap\">\n\t\t\t\t\t\t<div class=\"elementor-element elementor-element-5339fb7d elementor-widget elementor-widget-text-editor\" data-id=\"5339fb7d\" data-element_type=\"widget\" data-widget_type=\"text-editor.default\">\n\t\t\t\t<div class=\"elementor-widget-container\">\n\t\t\t\t\t\t\t\t<div class=\"elementor-text-editor elementor-clearfix\">\n\t\t\t\t<p><!-- wp:heading {\"level\":3} --><\/p>\n<h3>Programme Committee<\/h3>\n<p><!-- \/wp:heading --><\/p>\n<p><!-- wp:table {\"align\":\"left\"} --><\/p>\n<figure class=\"wp-block-table alignleft\">\n<table>\n<tbody>\n<tr>\n<td><strong>Name<\/strong><\/td>\n<td><strong>Country<\/strong><\/td>\n<td><strong>E-mail<\/strong><\/td>\n<\/tr>\n<tr>\n<td>Sadhana Naithani<\/td>\n<td>India<\/td>\n<td>sadhanan@mail.jnu.ac.in<\/td>\n<\/tr>\n<tr>\n<td>Kimberly J. Lau<\/td>\n<td>USA<\/td>\n<td>lau@ucsc.edu<\/td>\n<\/tr>\n<tr>\n<td>Mirjam Mencej<\/td>\n<td>Slovenia<\/td>\n<td>Mirjana.Mencej@ff.uni-lj.si<\/td>\n<\/tr>\n<tr>\n<td>Jonathan Roper<\/td>\n<td>Estonia<\/td>\n<td>jonathan.roper@ut.ee<\/td>\n<\/tr>\n<tr>\n<td>Renata Jambre\u0161i\u0107 Kirin<\/td>\n<td>Croatia<\/td>\n<td>renata@ief.hr<\/td>\n<\/tr>\n<tr>\n<td>Evelina Rudan<\/td>\n<td>Croatia<\/td>\n<td>erudan@ffzg.hr<\/td>\n<\/tr>\n<tr>\n<td>Jelena Markovi\u0107<\/td>\n<td>Croatia<\/td>\n<td>jelena@ief.hr<\/td>\n<\/tr>\n<tr>\n<td>Nata\u0161a Polgar<\/td>\n<td>Croatia<\/td>\n<td>polgar@ief.hr<\/td>\n<\/tr>\n<tr>\n<td>Petra Kelemen<\/td>\n<td>Croatia<\/td>\n<td>pkelemen@ffzg.hr<\/td>\n<\/tr>\n<tr>\n<td>Sanja Lon\u010dar<\/td>\n<td>Croatia<\/td>\n<td>sloncar@ffzg.hr<\/td>\n<\/tr>\n<tr>\n<td>Davor Nikoli\u0107<\/td>\n<td>Croatia<\/td>\n<td>dnikoli@ffzg.hr<\/td>\n<\/tr>\n<\/tbody>\n<\/table>\n<\/figure>\n<p><!-- \/wp:table --><\/p>\n<p><!-- wp:spacer {\"height\":50} --><\/p>\n<div class=\"wp-block-spacer\" style=\"height: 50px;\" aria-hidden=\"true\">\u00a0<\/div>\n<p><!-- \/wp:spacer --><\/p>\n<p><!-- wp:heading {\"level\":3} --><\/p>\n<h3>Organizing Committee<\/h3>\n<p><!-- \/wp:heading --><\/p>\n<p><!-- wp:table {\"align\":\"left\"} --><\/p>\n<figure class=\"wp-block-table alignleft\">\n<table>\n<tbody>\n<tr>\n<td>Renata Jambre\u0161i\u0107 Kirin<\/td>\n<td>Croatia<\/td>\n<td>renata@ief.hr<\/td>\n<\/tr>\n<tr>\n<td>Evelina Rudan<\/td>\n<td>Croatia<\/td>\n<td>erudan@ffzg.hr<\/td>\n<\/tr>\n<tr>\n<td>Jelena Markovi\u0107<\/td>\n<td>Croatia<\/td>\n<td>jelena@ief.hr<\/td>\n<\/tr>\n<tr>\n<td>Nata\u0161a Polgar<\/td>\n<td>Croatia<\/td>\n<td>polgar@ief.hr<\/td>\n<\/tr>\n<tr>\n<td>Petra Kelemen<\/td>\n<td>Croatia<\/td>\n<td>pkelemen@ffzg.hr<\/td>\n<\/tr>\n<tr>\n<td>Sanja Lon\u010dar<\/td>\n<td>Croatia<\/td>\n<td>sloncar@ffzg.hr<\/td>\n<\/tr>\n<tr>\n<td>Davor Nikoli\u0107<\/td>\n<td>Croatia<\/td>\n<td>dnikoli@ffzg.hr<\/td>\n<\/tr>\n<tr>\n<td>Ljiljana Marks<\/td>\n<td>Croatia<\/td>\n<td>marks@ief.hr<\/td>\n<\/tr>\n<tr>\n<td>Nevena \u0160krbi\u0107 Alempijevi\u0107<\/td>\n<td>Croatia<\/td>\n<td>nskrbic@ffzg.hr<\/td>\n<\/tr>\n<tr>\n<td>Ines Prica<\/td>\n<td>Croatia<\/td>\n<td>ipricas@gmail.com<\/td>\n<\/tr>\n<tr>\n<td>Ivana Brkovi\u0107<\/td>\n<td>Croatia<\/td>\n<td>ivana.brkovic@ffzg.hr<\/td>\n<\/tr>\n<tr>\n<td>Josipa Toma\u0161i\u0107<\/td>\n<td>Croatia<\/td>\n<td>josipa.tomasic@gmail.com<\/td>\n<\/tr>\n<tr>\n<td>Stipe Botica<\/td>\n<td>Croatia<\/td>\n<td>sbotica@ffzg.hr<\/td>\n<\/tr>\n<\/tbody>\n<\/table>\n<\/figure>\n<p><!-- \/wp:table --><\/p>\t\t\t\t\t<\/div>\n\t\t\t\t\t\t<\/div>\n\t\t\t\t<\/div>\n\t\t\t\t\t\t<\/div>\n\t\t\t\t\t<\/div>\n\t\t<\/div>\n\t\t\t\t\t\t\t\t<\/div>\n\t\t\t\t\t<\/div>\n\t\t<\/section>\n\t\t\t\t\t\t<\/div>\n\t\t\t\t\t\t<\/div>\n\t\t\t\t\t<\/div>\n\t\t","protected":false},"excerpt":{"rendered":"<p>The 18th ISFNR congress Encountering emotions in folk narrative and folklife is organized by scholars from the Institute of Ethnology and Folklore Research (link) and\u00a0 the Faculty of Humanities and Social Sciences University of Zagreb (link), Croatia. The Institute of Ethnology and Folklore Research was founded in 1948 in Zagreb. It is a renowned center [&hellip;]<\/p>\n","protected":false},"author":1,"featured_media":0,"parent":0,"menu_order":0,"comment_status":"closed","ping_status":"closed","template":"","meta":{"footnotes":""},"class_list":["post-63","page","type-page","status-publish","hentry"],"_links":{"self":[{"href":"https:\/\/www.isfnr.org\/isfnrcongress\/wp-json\/wp\/v2\/pages\/63","targetHints":{"allow":["GET"]}}],"collection":[{"href":"https:\/\/www.isfnr.org\/isfnrcongress\/wp-json\/wp\/v2\/pages"}],"about":[{"href":"https:\/\/www.isfnr.org\/isfnrcongress\/wp-json\/wp\/v2\/types\/page"}],"author":[{"embeddable":true,"href":"https:\/\/www.isfnr.org\/isfnrcongress\/wp-json\/wp\/v2\/users\/1"}],"replies":[{"embeddable":true,"href":"https:\/\/www.isfnr.org\/isfnrcongress\/wp-json\/wp\/v2\/comments?post=63"}],"version-history":[{"count":6,"href":"https:\/\/www.isfnr.org\/isfnrcongress\/wp-json\/wp\/v2\/pages\/63\/revisions"}],"predecessor-version":[{"id":1367,"href":"https:\/\/www.isfnr.org\/isfnrcongress\/wp-json\/wp\/v2\/pages\/63\/revisions\/1367"}],"wp:attachment":[{"href":"https:\/\/www.isfnr.org\/isfnrcongress\/wp-json\/wp\/v2\/media?parent=63"}],"curies":[{"name":"wp","href":"https:\/\/api.w.org\/{rel}","templated":true}]}}